et o be 16/6*3/2. Suppose -4*c = -4*g - 114 - 2, o*c + 4*g = 108. List the prime factors of c.
2, 7
Suppose 0 = 7*x - 4*x. Suppose x = -2*o + 5*o + 4*u - 34, 3*o + 3*u - 36 = 0. What are the prime factors of o?
2, 7
Suppose -3*u + q - 3*q = -133, -5*u + 207 = -4*q. List the prime factors of u.
43
Let f(u) = u**3 + 4*u**2 - 10*u - 1. Let o(k) = -k**2 + 1. Let h(w) = f(w) - 2*o(w). Let j be h(-7). Suppose 0 = 5*t - 2*t - j. List the prime factors of t.
2, 3
Let u be (-6 + 5)/(1/(-3)). Let o = u - -1. Suppose -20 = -5*d + 2*l, -d + 3*l + 0*l = -o. List the prime factors of d.
2
Let i(w) = -w**2 - 9*w + 6. Let j be i(-9). Let b(a) = 1. Let o(m) = -m + 2. Let r(q) = j*b(q) + o(q). What are the prime factors of r(6)?
2
Suppose 3*v = -4 - 29. Let n = v + 22. List the prime factors of n.
11
Suppose 18 = l - 2*l - 4*z, -3*z - 17 = -l. Suppose 0 = l*m - 2*c, -5*c + 1 = -m - 7. List the prime factors of ((-1)/m)/((-3)/12).
2
Suppose -2*x + 4*x - 12 = 0. Suppose -o = 2*y - 3, 3*y = 2*o - y - x. Suppose 0*d - 2*d + 35 = 5*g, 0 = -o*d. What are the prime factors of g?
7
Suppose 0 = -3*f + 2 + 10. Let y be 2/(f*(-3)/(-18)). Suppose 0 = -y*h - h + 52. List the prime factors of h.
13
Suppose l = 5*l. Let s = l + 37. What are the prime factors of s?
37
Let p(t) = -t**2 - 3*t + 2. Let c be p(-3). Suppose -273 = -c*k - 5*k. What are the prime factors of k?
3, 13
Suppose a - 58 = -4. List the prime factors of a.
2, 3
Let d = -97 - -490. List the prime factors of d.
3, 131
Let z = -5 - -9. List the prime factors of ((-66)/z)/(6/(-8)).
2, 11
Suppose 4*d + 16 = 0, -4*n + 6*n - 158 = 4*d. List the prime factors of n.
71
Suppose 70 = 2*h - 4*k, -k = -5*h - 5*k + 203. List the prime factors of h.
3, 13
Let o(i) = i**2 - 6*i - 10. Let q = -11 + 20. What are the prime factors of o(q)?
17
Let n(b) = -b**2 - 6*b + 8. Let a be n(-8). Let f = -6 - a. Suppose -2*d - 3*v = -9 - 0, d = -f*v + 4. What are the prime factors of d?
2, 3
Let i be (5 - 2)/(1/2). Suppose -3*r - 15 = -i*r. List the prime factors of r.
5
Let m(c) be the first derivative of -3*c**4/2 - 2*c**3/3 - c**2 - c - 3. List the prime factors of m(-1).
5
Let b = -5 + 1. Let d be (6/b)/(9/456). List the prime factors of 8/(-36) - d/18.
2
Suppose 3*n - 25 = -2*n. Suppose 0 = -n*z - r + 73 - 25, -5*z + 51 = 2*r. What are the prime factors of z?
3
List the prime factors of ((-7)/(-21))/(2/276).
2, 23
Let q(n) = n**3 - 7*n**2 - 28*n - 24. List the prime factors of q(11).
2, 19
Suppose -2*p = -38 - 94. Suppose -4*u = 5*o - 63, 0*o - 2*o + p = 4*u. What are the prime factors of u?
17
Suppose u + 7 - 2 = 0. Let y = 8 + u. What are the prime factors of y?
3
Suppose 4*b = -5*i - 21, 0*b + 2*i - 2 = b. Let g(c) = -c + 0*c + 0*c. List the prime factors of g(b).
2
List the prime factors of 2/8 - (1 - 158/8).
19
Let c(x) = -14*x**3 + x**2 + x. Let s be c(-1). Suppose q - s = -3. What are the prime factors of q?
11
Let g = -10 + 15. Let k = 0 + g. Let a = k - 1. List the prime factors of a.
2
Let w be ((-6)/12)/((-1)/6). Let l(b) = -2 + 6 - 1 - b + 2*b**2 - 3*b. What are the prime factors of l(w)?
3
Let c be ((-7)/1)/(1/2). Suppose -2*n - 10 = -0*n. Let j = n - c. What are the prime factors of j?
3
Suppose -6*a - 8 = -104. Suppose j - 5*j = -a. List the prime factors of j.
2
Suppose q = -0*q - 5, 4*v = -3*q - 15. Suppose -5*t + 0*t = -20. Suppose t*c = -v + 20. List the prime factors of c.
5
Let a(g) = g**3 + 6*g**2 - 12*g - 15. What are the prime factors of a(-6)?
3, 19
Let u(f) = f + 1. Let i be u(2). Let m(k) = k + 2. Let n be m(i). Let h = n - 1. List the prime factors of h.
2
Let d = 149 - 126. What are the prime factors of d?
23
Let m = 12 - 9. Suppose -c = -5*o - 10, c - m*o = -5*o + 38. List the prime factors of c.
2, 3, 5
Let v = 67 + -48. Suppose -2*u - n = -3*n + 4, -2*u = -5*n + v. Suppose -11 = -u*y + 7. What are the prime factors of y?
2, 3
What are the prime factors of (2 - 43)*(-1 - 0)?
41
What are the prime factors of 0 + -1 + 25/1?
2, 3
Suppose 4*j - 26 = -2*w, 2*j = -0*w - 3*w + 19. Suppose -136 = -4*r + 5*m, w*r - 2*m - 56 = 39. Suppose 0 = -4*t + 15 + r. What are the prime factors of t?
11
Suppose 2*k = 4 + 2. Let x be ((-2)/10)/(k/(-15)). List the prime factors of 21 + (0 - x)/(-1).
2, 11
Suppose 2*j - 7 = -3*j - 3*y, 4*j - 12 = 4*y. Suppose 10 = 2*w, -i = -j*w + 1 + 2. What are the prime factors of 10/2*(i + -5)?
2, 5
Let b(u) = -u**2 + 5*u - 3. Let n be b(5). List the prime factors of 1/n + 66/9.
7
Let a(i) = i - 12. Let r be a(13). What are the prime factors of r/(4/(-32))*-1?
2
List the prime factors of (113/(-4))/((-9)/72).
2, 113
Let d be 2/10 - 32/10. List the prime factors of (-1 - 0)/(d/33).
11
List the prime factors of -1 + 54 + 1 - 2.
2, 13
Let o(u) = -u**2 - 11*u - 10. Let t(r) = r**2 - 6*r + 2. Let p be t(3). What are the prime factors of o(p)?
2, 3
Let a(b) = -21*b - 2. What are the prime factors of a(-10)?
2, 13
Suppose 0*n - n + 13 = 0. Suppose -3*t + u + n = -0, -3*t - u + 5 = 0. Let s = 0 + t. List the prime factors of s.
3
Let w = -30 - -64. Let q = w - -7. List the prime factors of q.
41
Suppose -v = j - 2 - 5, -35 = -5*v - 3*j. What are the prime factors of 8 + v - 0/(-1)?
3, 5
Suppose 0 = i - 3*p - 17, -4*i - 5*p - 17 = -0*p. Suppose -i*r = r - 9. Suppose 2*j - 51 + r = 0. What are the prime factors of j?
2, 3
Suppose 2*z = -2*z + 5*a - 1052, -z - 3*a - 280 = 0. What are the prime factors of 2/6 - z/6?
3, 5
Let j be 4/14 + 145/7. Let a = j + -13. What are the prime factors of a?
2
What are the prime factors of (-2)/4*(1 - (2 - -201))?
101
Suppose 0 = -d + 3*g + 18, 7*g - 2*g = -3*d + 26. What are the prime factors of d?
2, 3
Let j(g) = -42*g**3. What are the prime factors of j(-1)?
2, 3, 7
Let p(y) = -y**3 + 4*y**2 - 3. Let i be p(3). Suppose i = -5*j - 154. Let z = -21 - j. List the prime factors of z.
11
Let y(r) = -r + 2. Let w be y(5). Let d be (w - 4/(-3))*-6. Suppose 7*p = 2*p + d. List the prime factors of p.
2
Let z = -50 + 66. List the prime factors of z.
2
Let n(m) = m + 2. Let d be n(0). List the prime factors of (-10)/(-4)*18 + d.
47
Let x be 4 + (1 - 2 - 1). Suppose 0 = y, -4*k + 5 + 3 = -x*y. What are the prime factors of k?
2
Suppose -75 = -3*t + 84. List the prime factors of t.
53
Suppose -5*i + o = -85, 4*i + 3*o = -2*o + 39. List the prime factors of i.
2
Let i = -3 - -5. List the prime factors of (12 + -2)*1/i.
5
Let p be -6 + 5 - (-6)/2. Suppose 5*z - p*z = -96. Let s = -22 - z. What are the prime factors of s?
2, 5
Let l(c) = 2*c**3 - c + c + 9*c**3. What are the prime factors of l(1)?
11
Suppose 923 = 7*d - 484. What are the prime factors of d?
3, 67
Let a(u) = 9*u**2 + 2*u - 1. Let h be a(1). Let d be (-20)/(-8)*56/h. Suppose 0 = y - d - 4. List the prime factors of y.
2, 3
Let p = 17 - -14. Suppose -2*y + p = 3*i, 5*y = 30 - 5. List the prime factors of i.
7
Let k(c) = c**3 - 6*c**2 - 8*c - 2. Let o be k(7). Let d(p) = p**2 + 9*p. Let r be d(o). Let z = 7 - r. What are the prime factors of z?
7
Suppose 5*l = 5*y - 30, -6*l = -4*y - 3*l + 26. Suppose 10 = 5*m + r, 5*m - y = m + 3*r. Suppose 0*i - 24 = -m*i. What are the prime factors of i?
2, 3
Suppose 0 = 4*u - 20 + 4. Let f(y) = 4*y - 1 - 5*y + 4*y + 0. What are the prime factors of f(u)?
11
Let a(w) = w**2 + 5*w + 7. Let l be a(-5). Suppose l*s = 3*s + 12. List the prime factors of s.
3
Let m(w) = w**3 + w**2 - 2*w. Let b be m(-4). Let u = 57 + b. Let i = -12 + u. List the prime factors of i.
5
Suppose -7 = 4*w - 19. What are the prime factors of w/(-3)*(-13 - 0)?
13
Let p(x) = -x + 1. Let z(k) = k + 2. Let c be z(-7). List the prime factors of p(c).
2, 3
Suppose 4*p - 3*p = -19. Let m = -8 - p. What are the prime factors of m?
11
Let r(w) = -w**3 + 2*w**2 - w. Let v be r(3). Let d = -6 - v. What are the prime factors of d?
2, 3
Let f(v) = -7*v - 2. Suppose -5*a - 3*z + 26 = 0, 2*a + 0*z = -5*z - 1. Let l be 2/a - (-64)/(-28). List the prime factors of f(l).
2, 3
Suppose -5*g + 3*r + 375 = 0, 6*r - 225 = -3*g + r. Suppose 0 = 2*t - 6, 3*k + 0*t - g = 2*t. Let d = k - 14. What are the prime factors of d?
13
Let k(j) = -j**2 + 12*j + 2. Let w be k(11). Suppose 29 = 3*a - w. List the prime factors of a.
2, 7
Let j be (-4)/6 - (-968)/12. Suppose 2*y - j = -0*y - 4*z, z - 35 = -y. List the prime factors of y.
2